hat are the prime factors of q?
71
Let d = -18307 - -27177. List the prime factors of d.
2, 5, 887
Let d(p) = p**2 + 8*p - 60. Let q be d(-13). Let a be 4 - (3 - 1 - 2). Suppose v - q*v = 3*b - 91, -133 = -a*b - 3*v. What are the prime factors of b?
37
Suppose -i - 16 = -4*o - 74, o + 8 = -3*i. Let l = -18 - o. What are the prime factors of (-15)/((l/(-6))/(-2))?
3, 5
Suppose 0 = 4*n + 3*h - 22, n - 2*h + 0*h = 0. Suppose 4*d - 888 = -n*f, 0 = f - d + 8 - 228. List the prime factors of f.
13, 17
Let t(l) = -22*l - 32. Let p be t(-6). Let x = 107 - p. Let c(m) = -m**3 + 11*m**2 - 4*m + 8. What are the prime factors of c(x)?
2, 11
Let t = -57443 - -82394. List the prime factors of t.
3, 8317
Let h(a) = 687*a - 379. List the prime factors of h(13).
2, 1069
Let g(y) = -58*y + 74. Let w be g(-33). Suppose 0 = -2*h + 4*a + w, 984 = h - 5*a + a. What are the prime factors of h?
2, 251
Let p = -22380 + 42901. What are the prime factors of p?
20521
Suppose -c - 160 = -2*n - 0*n, -2*n - 4*c + 160 = 0. Suppose -4*w = n - 2308. What are the prime factors of w?
557
Suppose 4 = r + 4*c + 13, -3 = r + 2*c. Suppose -r*d + 1444 = 373. What are the prime factors of d?
3, 7, 17
Let i = -150 + 301. Let y = 208 - 292. Let j = y + i. List the prime factors of j.
67
Suppose -37*d + 1073673 - 340190 = -416662. What are the prime factors of d?
5, 6217
Let j(w) = w**3 - w**2 + 8*w. Let b(p) = -17*p - 2*p**3 - 28*p + 1 + 3*p**2 + 22*p. Let f(m) = -3*b(m) - 8*j(m). List the prime factors of f(-5).
197
Let g(i) be the second derivative of -23*i**3/6 + i**2 - i. Suppose 4*a + 25*l = 20*l - 12, -l - 12 = 4*a. List the prime factors of g(a).
71
Let v(f) = 3*f**3 - 16*f**2 + 4*f + 3. Let l be v(5). Let b(p) = 28*p**2 - 1. Let r be b(l). What are the prime factors of (0/4 - 4/(-4)) + r?
2, 7
Let t = 860 + -846. Suppose -18891 = -t*m - 4331. What are the prime factors of m?
2, 5, 13
Suppose 0 = b + 2*b + d - 102, 4*b + 4*d = 144. Let x = 1 + 3. Suppose -a = 2*v - 62, -v + 3*a + b = x*a. What are the prime factors of v?
29
Suppose 0 = 6*u + 6*u - 0*u. Suppose -12*x + 22*x - 2290 = u. What are the prime factors of x?
229
Suppose -5*x + 15 + 10 = 0. Let h(t) = 7*t - 32. Let w be h(x). Suppose -4*m + 125 + 67 = 4*a, m + w*a = 44. What are the prime factors of m?
2, 5
Suppose -11649 = -4*k + 5*q, 0 = 3*k - 3*q - 6479 - 2257. What are the prime factors of k?
41, 71
Suppose -a - 16 + 124 = 0. Suppose 12*t = 16*t - a. What are the prime factors of t?
3
Let u(v) = -1. Let f(a) = -33*a + 128. Let y(x) = -f(x) - 2*u(x). List the prime factors of y(24).
2, 3, 37
Suppose -7540 = 8*h - 17732. List the prime factors of h.
2, 7, 13
Suppose 0 = -13*w + 67 + 24. List the prime factors of (3912 + -4)*w/14.
2, 977
Suppose -8*f - t = -13*f + 9563, -5*f - 5*t + 9605 = 0. What are the prime factors of f?
2, 3, 11, 29
Suppose 9*q - 4*q - 20 = 0. Suppose 4*w - q*x - 39 = x, x = -4*w + 21. What are the prime factors of ((9/w)/3)/((-2)/(-292))?
73
Let x = -273 - -277. Suppose -2*s = j + 3*j - 886, j = -x*s + 225. What are the prime factors of j?
13, 17
Let b = 27172 + -6442. What are the prime factors of b?
2, 3, 5, 691
Let p(x) = 2*x**2 + 13*x - 8. Suppose -20*d + 14 = -22*d. Let c be p(d). List the prime factors of 86 - (c/(-1) - -1).
2, 3, 7
Let b = -680 + 684. Suppose -2*g + 4*k + 2174 = 0, 12*g - 16*g + b*k = -4352. What are the prime factors of g?
3, 11
Suppose 2*p - 12 = -10*p. What are the prime factors of 7/((-352)/363 + 0 + p)?
3, 7, 11
Suppose -2*b - 2 = 5*v, -2*v = v. Let q(j) = -j + 4*j**2 + 5 - 1 - 5. What are the prime factors of q(b)?
2
Suppose 3*t - 109916 = -3*t + 4*h, -t - 3*h = -18290. List the prime factors of t.
2, 9157
Suppose -19*n + 22850 = -110112. What are the prime factors of n?
2, 3499
Let a be ((-2170)/20)/(4 + (-7)/2). Let u = -45 - 102. Let z = u - a. What are the prime factors of z?
2, 5, 7
Let z be ((-2)/(-6))/((-31)/(-465)). Let w(v) = 2*v + 84. List the prime factors of w(z).
2, 47
Suppose -5*h - o + 20361 = 0, -4*o - 17815 = -3*h - 5580. What are the prime factors of h?
4073
Let g(b) = -171*b - 1976. List the prime factors of g(-15).
19, 31
Let s(q) = q**2 + 9*q - 17. Let b be s(3). List the prime factors of (237 - b) + (-1 + 0 - -5).
2, 3, 37
Let v(y) = -y**2 - 14*y - 27. Let t be v(-8). Suppose t*k = 16*k + 20. Let l(d) = 3*d**3 - 9*d**2 + 4*d + 1. What are the prime factors of l(k)?
5, 13
Suppose 76153 + 82904 = 43*i. List the prime factors of i.
3, 137
Let a = -31591 - -45946. List the prime factors of a.
3, 5, 11, 29
Let l(v) = v**2 - 7*v + 14. Let f be l(2). Let k(j) = 41*j**2 - 9*j + 48. List the prime factors of k(f).
2, 167
Let k = 8283 - -1549. List the prime factors of k.
2, 1229
Let h(i) = -20*i**2 + 3*i - 12. Let k be h(4). Let n be (2/5)/((-961)/k + -3). Suppose 306 = f + 3*f - 2*r, 2*f - n = -4*r. What are the prime factors of f?
2, 37
Suppose 2*b + 0*b - 10 = 0. Suppose -b*p + 0*p = -15. Suppose -5*k - 3*j + 30 = -526, j + 342 = p*k. What are the prime factors of k?
113
Suppose 2*f - 12742 = -2*q, -4*q + 25493 = -4*f - f. What are the prime factors of q?
2, 3, 59
Suppose -2*y + 5 = -d + 22, 3*d - 43 = -2*y. Suppose 0 = -3*j + 69 + d. Suppose 0 = -8*t + 140 - j. What are the prime factors of t?
2, 7
List the prime factors of -8 + -124*(-133)/(-42)*-24.
2, 11, 107
Let c be 43936/(-56) - (-12)/(-28). Let f = c + 1310. What are the prime factors of f?
3, 5, 7
Let q(j) = 8*j**3 - 10*j**2 + 15*j + 37. Let w be q(16). Suppose 18*g = -17*g + w. List the prime factors of g.
13, 67
Let r(g) = 755*g**3 + g**2 + 4*g + 3. Let a be r(-1). Let y = 1334 + a. List the prime factors of y.
3, 193
Let u = 4575 + -2083. Suppose -31*y = -35*y + u. Let a = -413 + y. List the prime factors of a.
2, 3, 5, 7
Let h be -1*1*304/(-13 + 17). Let s = h - -489. What are the prime factors of s?
7, 59
Let n = -9009 - -13531. Suppose 13*c - 20*c = -n. List the prime factors of c.
2, 17, 19
List the prime factors of -22 + (-18 + 30254 - 13).
3, 10067
Let g be (8904/40 + -1)/((-2)/(-10)). Let c = -633 + g. List the prime factors of c.
5, 19
Let y = 5 + 29. Suppose 0 = 35*d - y*d - 816. What are the prime factors of d?
2, 3, 17
Suppose 39*u - 261755 = -52052. List the prime factors of u.
19, 283
Let y(i) = -i - 1. Let a(f) = -4*f - 1. Let s(m) = -a(m) + 3*y(m). Let k be s(10). Suppose 0 = 3*r - k*r - 5*c + 380, r = 3*c + 76. List the prime factors of r.
2, 19
Let q(l) = 29*l - 144. Let s be q(5). What are the prime factors of 1/((-35)/(-28) - s)?
2
Let o(p) = -11*p**2 + 1566*p - 4. List the prime factors of o(9).
67, 197
Let y = 2 + 0. Suppose 7*c = 29 - 29. Suppose 0 = -y*g - c*g + 66. List the prime factors of g.
3, 11
Suppose -5*p + 58 + 52 = 0. Suppose -p*g + 7420 = 2602. What are the prime factors of g?
3, 73
Let f be -340*((-4)/(-26) + (-268)/52). Suppose f = 4*r - 4*n, n - 412 - 426 = -2*r. List the prime factors of r.
421
Suppose -6*u = -u - 10. Suppose -4*o - 1579 = -7*o - 2*s, -u*o = -2*s - 1066. What are the prime factors of ((-68)/18 - -4) + o/9?
59
Suppose 6699 = 59*u - 386890. List the prime factors of u.
7, 953
Let g(t) = 121*t**3 + 7*t**2 - 11*t + 7. List the prime factors of g(5).
2, 3, 31, 41
Let s be 53343/(-180)*-4 - 6/(-10). Let k = s + -611. List the prime factors of k.
5, 23
Let j(o) be the first derivative of -51*o**2/2 - 35*o + 47. List the prime factors of j(-3).
2, 59
Let s(i) = 10*i**2 + 404*i + 411*i - 810*i - 4*i**2 - 1. What are the prime factors of s(2)?
3, 11
Let u be (-1 - -4)/12 + 2/(-8). Suppose u*b = b - 3*a - 271, 2*b - a = 542. Suppose j + 132 = 5*d - b, -5*j = -10. What are the prime factors of d?
3
Suppose 292 + 6806 = -13*s. Let a = 1171 + s. List the prime factors of a.
5
Let t be (-144)/54 + 4/(-3) + 2. What are the prime factors of (1 - -874) + 1 + (-4 - t)?
2, 19, 23
Suppose 9*p - 2 = 43. What are the prime factors of (0 - (-1782)/p) + (-112)/280?
2, 89
Suppose -4*c - 110 = -4*x + 158, 4*x = -3*c + 261. Let d = x - 56. List the prime factors of (-474)/2*d/(-15) - -3.
7, 23
Suppose 0*o - 4*o + 64 = 0. Suppose -10*m + 7*m - o = -4*q, 4*q + 5*m = 16. List the prime factors of q/(-38) - (-970)/190.
5
Suppose -3863335 = 106*g - 321*g. List the prime factors of g.
7, 17, 151
Suppose -2*o + 10 = 16. List the prime factors of -185*(o + 1*(-10 + 4)